73*n**2 + 188*n - 290. Determine y(-39).
-17
Let y(b) = 40*b + 1925. What is y(-48)?
5
Let z(j) = -2*j**3 + 18*j**2 - 2*j - 4. Determine z(9).
-22
Let w(f) = 2*f**2 - f + 7. What is w(-4)?
43
Let b(j) = 10*j**3 - 4*j**2 + 39*j - 70. Give b(2).
72
Let c(g) = 14*g + 206. Calculate c(-62).
-662
Let i(y) = -9*y - 23. Calculate i(-5).
22
Let u(v) = 179*v + 69815. Determine u(-390).
5
Let n(y) = -32*y**2 + 601*y + 93. What is n(19)?
-40
Let b(n) = -n**2 + 5. Give b(-7).
-44
Let h(t) = 2306*t - 13825. Calculate h(6).
11
Let b(c) = c**3 + 24*c**2 - 26*c - 622. Calculate b(-24).
2
Let u(i) = -62*i + 2454. What is u(40)?
-26
Let s(k) = k**3 + 12*k**2 + 59*k + 250. Give s(-7).
82
Let g(u) = -5*u + 16. Calculate g(6).
-14
Let y(l) = -l**3 - 14*l**2 + 34*l + 174. What is y(-16)?
142
Let y(m) = -48*m - 2696. What is y(-57)?
40
Let w(n) = 4*n**2 + 75*n - 374. What is w(-23)?
17
Let f(u) = -u**2 - 1078*u - 7487. Determine f(-7).
10
Let t(p) = -158*p + 2684. Give t(17).
-2
Let h(c) = -5*c**2 + 7*c - 19. Give h(2).
-25
Let l(g) = -g**3 + 64*g**2 - 66*g + 163. Give l(63).
-26
Let v(d) = 243*d - 3148. What is v(13)?
11
Let j(f) = -43*f + 4390. What is j(103)?
-39
Let q(s) = -3495*s + 34954. Give q(10).
4
Let y(o) = 3*o**2 + 131*o + 743. Give y(-37).
3
Let x(l) = -l**3 + 25*l**2 + 2*l - 11. What is x(25)?
39
Let v(h) = -27*h**2 - 473*h + 25. Calculate v(-18).
-209
Let j(w) = w**2 + 256*w + 3642. Give j(-15).
27
Let j(y) = 4*y**3 + 115*y**2 + 86*y + 1. Give j(-28).
-55
Let p(v) = 27*v + 26. What is p(3)?
107
Let k(a) = 39*a**3 + 24*a**2 - 22*a + 1. Calculate k(1).
42
Let b(z) = 13806*z + 27613. What is b(-2)?
1
Let g(o) = o**3 - 14*o**2 - 27*o + 410. Give g(14).
32
Let y(g) = 107*g**3 - g**2 - 46*g + 48. Determine y(1).
108
Let n(i) = -i**2 - 99*i - 1693. Calculate n(-23).
55
Let n(g) = -9*g**2 - 448*g + 523. What is n(-51)?
-38
Let d(z) = z**3 + 2*z**2 + 948*z + 2860. Determine d(-3).
7
Let q(g) = g**3 - 2*g**2 - 35*g - 10. What is q(-5)?
-10
Let k(s) = -s**3 + 35*s**2 + 194*s + 239. Give k(40).
-1
Let g(k) = 14*k - 243. Calculate g(20).
37
Let z(r) = -5*r**2 + 17*r - 17. What is z(-6)?
-299
Let u(y) = -y**3 - 24*y**2 - 40*y + 85. Give u(-22).
-3
Let a(c) = -4*c**3 - 55*c**2 - 173*c + 7. Calculate a(-5).
-3
Let n(x) = x**3 + 75*x**2 - 315*x - 204. Calculate n(-79).
-283
Let o(f) = f**3 - 69*f**2 + 129*f + 333. Determine o(67).
-2
Let n(s) = 12*s - 581. What is n(48)?
-5
Let s(h) = -3*h**3 - 57*h**2 + 23*h + 441. Calculate s(-19).
4
Let v(y) = -199*y - 222. Calculate v(0).
-222
Let o(r) = 7*r**2 + 35*r - 58. Give o(-9).
194
Let z(n) = -n**3 + 80*n**2 - 73*n - 488. What is z(79)?
-14
Let i(s) = -5*s**2 - 625*s + 649. Give i(-126).
19
Let u(c) = -c**2 - 23*c - 190. Give u(-9).
-64
Let r(x) = -3*x**2 - 54*x - 141. Give r(-3).
-6
Let x(c) = -2*c**3 + 16*c**2 + 73*c - 478. What is x(9)?
17
Let o(f) = 13*f**2 + 149*f - 19. Determine o(-11).
-85
Let y(t) = -t**3 + 28*t**2 + 87*t - 13. Determine y(31).
-199
Let q(g) = 2*g**2 - 17*g - 200. Give q(-7).
17
Let y(g) = -35*g + 586. Determine y(17).
-9
Let l(b) = 14*b**3 + 4*b**2 + 5*b - 20. Give l(2).
118
Let y(f) = -f**3 + 15*f**2 + f - 111. What is y(15)?
-96
Let x(q) = -208*q - 514. Determine x(-4).
318
Let y(d) = d**2 + 69*d + 206. Calculate y(-66).
8
Let o(z) = 47*z - 367. Determine o(5).
-132
Let u(z) = 4*z**2 - 655*z - 3325. Give u(-5).
50
Let k(d) = 2*d**3 - 3*d**2 - 5*d - 3. Calculate k(4).
57
Let p(v) = v**2 - 101*v + 1730. What is p(21)?
50
Let o(m) = -m**3 + 32*m**2 + 109*m - 141. Give o(35).
-1
Let m(v) = -106*v + 3075. Determine m(29).
1
Let f(t) = -t**3 + 12*t**2 + 8*t + 3. Calculate f(4).
163
Let d(t) = 69*t - 7388. Calculate d(106).
-74
Let n(i) = -i**3 - 10*i**2 + 1272*i + 10283. Determine n(-8).
-21
Let l(m) = 472*m**2 - 3772*m - 50. Determine l(8).
-18
Let m(y) = -54*y - 95. Give m(-2).
13
Let y(w) = -10*w**2 - 193*w - 188. Determine y(-1).
-5
Let q(a) = 6*a**2 - 49*a + 96. What is q(4)?
-4
Let t(o) = 18*o - 139. What is t(13)?
95
Let l(r) = -4*r**2 - 36*r - 21. Give l(-8).
11
Let q(o) = 4*o**3 - 291*o**2 - 78*o + 137. Calculate q(73).
-228
Let l(v) = 2*v**3 - 265*v**2 - 2403*v + 841. Calculate l(141).
-5
Let p(l) = -96*l**2 - 1019*l + 414. Calculate p(-11).
7
Let r(v) = 7*v - 24. What is r(16)?
88
Let u(f) = 4*f**2 + 87*f + 68. What is u(-21)?
5
Let s(w) = 4*w**2 + 227*w + 896. Determine s(-52).
-92
Let h(n) = -3*n**2 - 10*n + 16. What is h(-5)?
-9
Let h(p) = 3*p**2 - 10*p - 203. What is h(-8)?
69
Let i(b) = -b**3 + 8*b**2 + 39*b + 10. Calculate i(12).
-98
Let y(n) = 3*n**2 + 114*n + 76. Determine y(-36).
-140
Let h(m) = m**2 + 8*m - 263. Determine h(-21).
10
Let b(n) = n**3 - 11*n**2 - 8*n - 12. Give b(13).
222
Let a(h) = h**2 + 60*h + 254. What is a(-55)?
-21
Let y(q) = 132*q - 3724. What is y(28)?
-28
Let s(g) = g**2 - 188*g + 487. Give s(185).
-68
Let u(m) = -57*m + 270. Determine u(4).
42
Let b(o) = 10*o**3 - 110*o**2 + 8*o - 77. Give b(11).
11
Let x(s) = -s**2 + 33*s + 62. Give x(36).
-46
Let u(z) = -4*z**2 - z + 89. Determine u(5).
-16
Let d(t) = -137*t + 1758. What is d(16)?
-434
Let y(l) = -138*l + 6763. Calculate y(49).
1
Let x(z) = 48*z**3 - 2*z - 8. Calculate x(-2).
-388
Let i(c) = 3*c**2 - 176*c + 1560. What is i(11)?
-13
Let w(m) = 117*m - 3052. Give w(26).
-10
Let p(w) = -w**2 + 25*w + 193. What is p(31)?
7
Let c(m) = 61*m + 356. Give c(-6).
-10
Let m(z) = -3*z**2 + 11*z + 95. Give m(13).
-269
Let y(r) = 3*r**2 - 136*r - 542. Calculate y(49).
-3
Let j(s) = -s**2 + 371*s - 4311. What is j(12)?
-3
Let y(s) = s**3 + 30*s**2 + 31*s - 15. Determine y(-29).
-73
Let g(b) = b**3 - 11*b**2 + 34*b - 253. Give g(10).
-13
Let o(z) = -z**3 + 16*z**2 - 26*z - 87. Give o(14).
-59
Let d(b) = 240*b - 955. What is d(4)?
5
Let c(j) = -3*j**3 - 206*j**2 + 280*j - 8. What is c(-70)?
-8
Let q(y) = 2*y**2 + 82*y + 82. Determine q(-1).
2
Let p(y) = y**3 - 38*y**2 + 309*y + 14. Give p(12).
-22
Let s(n) = 308*n - 13866. Give s(45).
-6
Let y(j) = 2*j**2 - 45*j - 62. What is y(24)?
10
Let l(o) = 1295*o - 14244. Calculate l(11).
1
Let j(l) = 1107*l + 12166. Determine j(-11).
-11
Let x(g) = g**2 + 1244*g - 15. Give x(0).
-15
Let x(p) = 323*p - 3227. What is x(10)?
3
Let h(b) = 5*b**2 + 43*b + 86. What is h(-4)?
-6
Let p(r) = 1551*r + 15558. Calculate p(-10).
48
Let w(h) = h**3 + 6*h**2 - 25*h - 94. Give w(-7).
32
Let o(f) = -f**3 + 7*f**2 + 11*f - 1. Calculate o(6).
101
Let r(k) = -k**3 - 146*k**2 + 454*k + 1045. What is r(-149)?
2
Let k(w) = -w**3 - 55*w**2 - 103*w + 144. Give k(-53).
-15
Let k(a) = -29*a**3 - 2*a**2 - 3*a - 3. Determine k(-1).
27
Let w(y) = -1021*y + 45939. Calculate w(45).
-6
Let j(n) = -116*n + 343. Determine j(3).
-5
Let b(v) = v**3 - 13*v**2 + 10*v - 342. Determine b(14).
-6
Let s(h) = 2*h**3 + 5*h**2 - 32*h - 43. Give s(-8).
-491
Let v(a) = -136*a - 215. Determine v(-2).
57
Let v(b) = -2*b**3 + 4*b**2 - 7*b + 18. Give v(4).
-74
Let y(h) = 371*h + 1487. Give y(-4).
3
Let d(m) = -14*m**3 + 210*m**2 + 2*m - 22. What is d(15)?
8
Let z(q) = -q**3 + 20*q**2 - 106*q + 51. Give z(10).
-9
Let j(z) = -z**2 + 515*z - 5018. Determine j(10).
32
Let d(s) = 529*s + 176. What is d(0)?
176
Let b(f) = -2346*f + 157184. Determine b(67).
2
Let a(c) = 1108*c - 5511. Calculate a(5).
29
Let g(q) = -753*q - 50457. What is g(-67)?
-6
Let o(t) = 3087*t + 55560. What is o(-18)?
-6
Let q(g) = -715*g - 158002. What is q(-221)?
13
Let h(w) = 336*w - 2716. Calculate h(8).
-28
Let f(w) = -3*w**2 + 16*w + 34. Determine f(12).
-206
Let h(r) = r**2 + 572*r + 5634. Give h(-10).
14
Let i(l) = l**3 - 8*l**2 - 98*l + 416. Determine i(13).
-13
Let d(q) = 18210*q - 145712. Give d(8).
-32
Let z(h) = 8*h - 528. What is z(69)?
24
Let x(v) = 77*v + 534. Determine x(-7).
-5
Let g(d) = d**2 - 47*d + 66. Determine g(17).
-444
Let x(p) = 331*p + 2225. What is x(-7)?
-92
Let j(t) = t**2 - 4*t - 145. Determine j(15).
20
Let w(l) = l**2 + 20*l - 268. Give w(19).
473
Let o(t) = -t**2 + 11*t + 329. Give o(21).
119
Let a(r) = r**3 + 10*r**2 + 4*r - 22. Determine a(-9).
23
Let t(n) = n**3 + 19*n**2 + 43*n - 158. What is t(-15)?
97
Let y(q) = -16*q + 447. Calculate y(29).
-17
Let s(v) = 18*v - 588. What is s(34)?
24
Let d(s) = 4365*s - 13099. Calculate d(3).
-4
Let k(h) = -291*h - 2597. What is k(-9)?
22
Let c(t) = 17*t**2 + 3745*t - 27048. What is 